{"id":78,"date":"2024-02-17T16:38:57","date_gmt":"2024-02-17T15:38:57","guid":{"rendered":"https:\/\/psy-rennes.com\/?page_id=78"},"modified":"2026-03-02T08:50:45","modified_gmt":"2026-03-02T07:50:45","slug":"les-tarifs","status":"publish","type":"page","link":"https:\/\/psy-rennes.com\/index.php\/les-tarifs\/","title":{"rendered":"Tarifs et informations compl\u00e9mentaires"},"content":{"rendered":"\n<div class=\"wp-block-columns is-layout-flex wp-container-core-columns-is-layout-9d6595d7 wp-block-columns-is-layout-flex\">\n<div class=\"wp-block-column is-layout-flow wp-block-column-is-layout-flow\">\n<h2 class=\"wp-block-heading\">Tarifs <\/h2>\n\n\n\n<p>60 euros la s\u00e9ance de 50 min<\/p>\n<\/div>\n\n\n\n<div class=\"wp-block-column is-layout-flow wp-block-column-is-layout-flow\">\n<h2 class=\"wp-block-heading\">Moyens de paiement<\/h2>\n\n\n\n<p>Carte bleue, ch\u00e8ques, esp\u00e8ces<\/p>\n<\/div>\n<\/div>\n\n\n\n<div class=\"wp-block-columns is-layout-flex wp-container-core-columns-is-layout-9d6595d7 wp-block-columns-is-layout-flex\">\n<div class=\"wp-block-column is-layout-flow wp-block-column-is-layout-flow\">\n<p>Une facture vous est remise en fin de consultation pour votre mutuelle. <\/p>\n<\/div>\n<\/div>\n\n\n\n<p><\/p>\n\n\n\n<p><\/p>\n\n\n\n<p><\/p>\n\n\n\n<h3 class=\"wp-block-heading\">Concernant la prise en charge neuropsychologique: <\/h3>\n\n\n\n<div class=\"wp-block-columns is-layout-flex wp-container-core-columns-is-layout-9d6595d7 wp-block-columns-is-layout-flex\">\n<div class=\"wp-block-column is-layout-flow wp-block-column-is-layout-flow\">\n<p><strong>Je ne propose pas de bilan neuropsychologique<\/strong> (bilan psychom\u00e9trique\/ test de QI, tests attentionnels). Le suivi neuropsychologique porte sur de la <strong>rem\u00e9diation cognitive<\/strong> pour les personnes ayant b\u00e9n\u00e9fici\u00e9 d&#8217;une prise en charge initiale \u00e0 l&#8217;h\u00f4pital par exemple et qui d\u00e9sirent poursuivre ce travail \u00e0 la sortie d\u2019hospitalisation. Merci de venir avec les comptes rendus de prise en charge dont vous disposez afin de r\u00e9pondre au plus pr\u00e8s de vos besoins (compte rendu de prise en charge MPR ou neurologique, ergoth\u00e9rapie, orthophonie, r\u00e9sultats du dernier bilan neuropsychologique.)<\/p>\n<\/div>\n<\/div>\n\n\n\n<p><\/p>\n\n\n\n<h3 class=\"wp-block-heading\">Evaluation (pr\u00e9-test) du TDAH adulte :<\/h3>\n\n\n\n<div class=\"wp-block-columns is-layout-flex wp-container-core-columns-is-layout-9d6595d7 wp-block-columns-is-layout-flex\">\n<div class=\"wp-block-column is-layout-flow wp-block-column-is-layout-flow\">\n<p>Dans le cadre d&#8217;une \u00e9valuation  psychologique pour suspicion de TDAH, merci de bien vouloir apporter avec vous :<\/p>\n\n\n\n<ul class=\"wp-block-list\">\n<li>\u00e9crits attestant de difficult\u00e9s sp\u00e9cifiques durant l&#8217;enfance\/ adolescence comme vos <strong>bulletins scolaires<\/strong><\/li>\n\n\n\n<li>tout document relatant de sympt\u00f4mes et cons\u00e9quences observables dans la vie socio professionnelle <\/li>\n\n\n\n<li>t\u00e9moignages de proches <\/li>\n\n\n\n<li>vos r\u00e9ponses au questionnaire de d\u00e9pistage <strong>&#8220;Adult Self-Report Scale for Attention Deficit Hyperactivity Disorder (ASRS<\/strong>)&#8221;, outil gratuit et facilement disponible sur internet. <strong>Attention: cet outil ne fait pas office de diagnostic mais permet d&#8217;appuyer la r\u00e9flexion pour la d\u00e9marche d&#8217;\u00e9valuation. <\/strong><\/li>\n\n\n\n<li><strong>L&#8217;\u00e9valuation TDAH prend en moyenne 7 \u00e0 8 s\u00e9ances d&#8217;investigation<\/strong>. Il vous sera demand\u00e9 de r\u00e9gler <strong>une s\u00e9ance suppl\u00e9mentaire pour la r\u00e9daction du compte rendu \u00e9crit<\/strong>. Aussi, <strong>une s\u00e9ance avec un des parents<\/strong> ou proche adulte vous connaissant depuis l&#8217;enfance serait b\u00e9n\u00e9fique.  <\/li>\n\n\n\n<li>A noter que je ne r\u00e9alise <strong>pas de tests neuropsychologiques<\/strong> dans ma d\u00e9marche d&#8217;\u00e9valuation.<\/li>\n\n\n\n<li>Enfin, si l&#8217;enqu\u00eate clinique va dans le sens d&#8217;une hypoth\u00e8se de TDAH, une prise en charge aupr\u00e8s d&#8217;un <strong>m\u00e9decin psychiatre est n\u00e9cessaire pour poser le diagnostic <\/strong>et poursuivre la th\u00e9rapeutique adapt\u00e9e (en parall\u00e8le de suivi psychologique d\u00e9j\u00e0 entam\u00e9). <\/li>\n<\/ul>\n<\/div>\n<\/div>\n\n\n\n<div class=\"wp-block-columns is-layout-flex wp-container-core-columns-is-layout-9d6595d7 wp-block-columns-is-layout-flex\">\n<div class=\"wp-block-column is-layout-flow wp-block-column-is-layout-flow\"><\/div>\n\n\n\n<div class=\"wp-block-column is-layout-flow wp-block-column-is-layout-flow\"><\/div>\n<\/div>\n\n\n\n<p><\/p>\n","protected":false},"excerpt":{"rendered":"<p>Tarifs 60 euros la s\u00e9ance de 50 min Moyens de paiement Carte bleue, ch\u00e8ques, esp\u00e8ces Une facture vous est remise en fin de consultation pour votre mutuelle. Concernant la prise en charge neuropsychologique: Je ne propose pas de bilan neuropsychologique (bilan psychom\u00e9trique\/ test de QI, tests attentionnels). Le suivi neuropsychologique porte sur de la rem\u00e9diation&hellip; <br \/> <a class=\"read-more\" href=\"https:\/\/psy-rennes.com\/index.php\/les-tarifs\/\">Read more<\/a><\/p>\n","protected":false},"author":1,"featured_media":0,"parent":0,"menu_order":0,"comment_status":"closed","ping_status":"closed","template":"","meta":{"footnotes":""},"class_list":["post-78","page","type-page","status-publish","hentry"],"_links":{"self":[{"href":"https:\/\/psy-rennes.com\/index.php\/wp-json\/wp\/v2\/pages\/78","targetHints":{"allow":["GET"]}}],"collection":[{"href":"https:\/\/psy-rennes.com\/index.php\/wp-json\/wp\/v2\/pages"}],"about":[{"href":"https:\/\/psy-rennes.com\/index.php\/wp-json\/wp\/v2\/types\/page"}],"author":[{"embeddable":true,"href":"https:\/\/psy-rennes.com\/index.php\/wp-json\/wp\/v2\/users\/1"}],"replies":[{"embeddable":true,"href":"https:\/\/psy-rennes.com\/index.php\/wp-json\/wp\/v2\/comments?post=78"}],"version-history":[{"count":38,"href":"https:\/\/psy-rennes.com\/index.php\/wp-json\/wp\/v2\/pages\/78\/revisions"}],"predecessor-version":[{"id":529,"href":"https:\/\/psy-rennes.com\/index.php\/wp-json\/wp\/v2\/pages\/78\/revisions\/529"}],"wp:attachment":[{"href":"https:\/\/psy-rennes.com\/index.php\/wp-json\/wp\/v2\/media?parent=78"}],"curies":[{"name":"wp","href":"https:\/\/api.w.org\/{rel}","templated":true}]}}